{"id":47,"date":"2018-03-01T22:04:55","date_gmt":"2018-03-01T21:04:55","guid":{"rendered":"http:\/\/www.animal-thp.de\/?page_id=47"},"modified":"2018-03-03T12:08:39","modified_gmt":"2018-03-03T11:08:39","slug":"buecherliste","status":"publish","type":"page","link":"https:\/\/www.animal-thp.de\/index.php\/homoeopathie\/buecherliste\/","title":{"rendered":"B\u00fccherliste"},"content":{"rendered":"<p>Hier eine Liste der von uns empfohlenen Literatur (Affiliate):<\/p>\n<table>\n<tbody>\n<tr>\n<td><iframe src=\"http:\/\/rcm-de.amazon.de\/e\/cm?t=aniaid-21&amp;o=3&amp;p=8&amp;l=as1&amp;asins=3851758048&amp;ref=tf_til&amp;fc1=000000&amp;IS2=1&amp;lt1=_blank&amp;m=amazon&amp;lc1=0000FF&amp;bc1=000000&amp;bg1=FFFFFF&amp;f=ifr\" width=\"300\" height=\"150\" frameborder=\"0\" marginwidth=\"0\" marginheight=\"0\" scrolling=\"no\" data-mce-fragment=\"1\"><\/iframe><\/td>\n<td>Titel: Hom\u00f6opathische Materia Medica f\u00fcr Tiermediziner Autor: Dr. Hans Martin Steingassner<\/td>\n<\/tr>\n<tr>\n<td><iframe src=\"http:\/\/rcm-de.amazon.de\/e\/cm?t=aniaid-21&amp;o=3&amp;p=8&amp;l=as1&amp;asins=3937268081&amp;ref=tf_til&amp;fc1=000000&amp;IS2=1&amp;lt1=_blank&amp;m=amazon&amp;lc1=0000FF&amp;bc1=000000&amp;bg1=FFFFFF&amp;f=ifr\" width=\"300\" height=\"150\" frameborder=\"0\" marginwidth=\"0\" marginheight=\"0\" scrolling=\"no\" data-mce-fragment=\"1\"><\/iframe><\/td>\n<td>Titel: Hom\u00f6opathische Mittel und ihre Wirkungen Materia medica und Repertorium Autor: William Boericke<\/td>\n<\/tr>\n<tr>\n<td><iframe src=\"http:\/\/rcm-de.amazon.de\/e\/cm?t=aniaid-21&amp;o=3&amp;p=8&amp;l=as1&amp;asins=3870130091&amp;ref=tf_til&amp;fc1=000000&amp;IS2=1&amp;lt1=_blank&amp;m=amazon&amp;lc1=0000FF&amp;bc1=000000&amp;bg1=FFFFFF&amp;f=ifr\" width=\"300\" height=\"150\" frameborder=\"0\" marginwidth=\"0\" marginheight=\"0\" scrolling=\"no\" data-mce-fragment=\"1\"><\/iframe><\/td>\n<td>Titel: Medizin der Zukunft Autor: Georgos Vithoulkas<\/td>\n<\/tr>\n<tr>\n<td><iframe src=\"http:\/\/rcm-de.amazon.de\/e\/cm?t=aniaid-21&amp;o=3&amp;p=8&amp;l=as1&amp;asins=3877581382&amp;ref=tf_til&amp;fc1=000000&amp;IS2=1&amp;lt1=_blank&amp;m=amazon&amp;lc1=0000FF&amp;bc1=000000&amp;bg1=FFFFFF&amp;f=ifr\" width=\"300\" height=\"150\" frameborder=\"0\" marginwidth=\"0\" marginheight=\"0\" scrolling=\"no\" data-mce-fragment=\"1\"><\/iframe><\/td>\n<td>Titel: Taschen-Repertorium der hom\u00f6opathischen Tiermedizin Autor: Rudolf Deiser<\/td>\n<\/tr>\n<tr>\n<td><iframe src=\"http:\/\/rcm-de.amazon.de\/e\/cm?t=aniaid-21&amp;o=3&amp;p=8&amp;l=as1&amp;asins=3426871114&amp;ref=tf_til&amp;fc1=000000&amp;IS2=1&amp;lt1=_blank&amp;m=amazon&amp;lc1=0000FF&amp;bc1=000000&amp;bg1=FFFFFF&amp;f=ifr\" width=\"300\" height=\"150\" frameborder=\"0\" marginwidth=\"0\" marginheight=\"0\" scrolling=\"no\" data-mce-fragment=\"1\"><\/iframe><\/td>\n<td>Titel: Hom\u00f6opathie f\u00fcr Hunde Autor: A. H. Westerhuis<\/td>\n<\/tr>\n<tr>\n<td><iframe src=\"http:\/\/rcm-de.amazon.de\/e\/cm?t=aniaid-21&amp;o=3&amp;p=8&amp;l=as1&amp;asins=3405142725&amp;ref=tf_til&amp;fc1=000000&amp;IS2=1&amp;lt1=_blank&amp;m=amazon&amp;lc1=0000FF&amp;bc1=000000&amp;bg1=FFFFFF&amp;f=ifr\" width=\"300\" height=\"150\" frameborder=\"0\" marginwidth=\"0\" marginheight=\"0\" scrolling=\"no\" data-mce-fragment=\"1\"><\/iframe><\/td>\n<td>Titel: Hom\u00f6opathischer Ratgeber Hunde Autor: George Macleod<\/td>\n<\/tr>\n<tr>\n<td><iframe src=\"http:\/\/rcm-de.amazon.de\/e\/cm?t=aniaid-21&amp;o=3&amp;p=8&amp;l=as1&amp;asins=3405142717&amp;ref=tf_til&amp;fc1=000000&amp;IS2=1&amp;lt1=_blank&amp;m=amazon&amp;lc1=0000FF&amp;bc1=000000&amp;bg1=FFFFFF&amp;f=ifr\" width=\"300\" height=\"150\" frameborder=\"0\" marginwidth=\"0\" marginheight=\"0\" scrolling=\"no\" data-mce-fragment=\"1\"><\/iframe><\/td>\n<td>Titel: Hom\u00f6opathischer Ratgeber Katzen Autor: George Macleod<\/td>\n<\/tr>\n<tr>\n<td><iframe src=\"http:\/\/rcm-de.amazon.de\/e\/cm?t=aniaid-21&amp;o=3&amp;p=8&amp;l=as1&amp;asins=3612201174&amp;ref=tf_til&amp;fc1=000000&amp;IS2=1&amp;lt1=_blank&amp;m=amazon&amp;lc1=0000FF&amp;bc1=000000&amp;bg1=FFFFFF&amp;f=ifr\" width=\"300\" height=\"150\" frameborder=\"0\" marginwidth=\"0\" marginheight=\"0\" scrolling=\"no\" data-mce-fragment=\"1\"><\/iframe><\/td>\n<td>Titel: Naturheilkunde f\u00fcr Pferde Autor: Walter Salomon<\/td>\n<\/tr>\n<tr>\n<td><iframe src=\"http:\/\/rcm-de.amazon.de\/e\/cm?t=aniaid-21&amp;o=3&amp;p=8&amp;l=as1&amp;asins=3941706233&amp;ref=tf_til&amp;fc1=000000&amp;IS2=1&amp;lt1=_blank&amp;m=amazon&amp;lc1=0000FF&amp;bc1=000000&amp;bg1=FFFFFF&amp;f=ifr\" width=\"300\" height=\"150\" frameborder=\"0\" marginwidth=\"0\" marginheight=\"0\" scrolling=\"no\" data-mce-fragment=\"1\"><\/iframe><\/td>\n<td>Titel: Das Pferde-Hom\u00f6opathie-Buch Autor: Tim Couzens<\/td>\n<\/tr>\n<tr>\n<td><iframe src=\"http:\/\/rcm-de.amazon.de\/e\/cm?t=aniaid-21&amp;o=3&amp;p=8&amp;l=as1&amp;asins=382891909X&amp;ref=tf_til&amp;fc1=000000&amp;IS2=1&amp;lt1=_blank&amp;m=amazon&amp;lc1=0000FF&amp;bc1=000000&amp;bg1=FFFFFF&amp;f=ifr\" width=\"300\" height=\"150\" frameborder=\"0\" marginwidth=\"0\" marginheight=\"0\" scrolling=\"no\" data-mce-fragment=\"1\"><\/iframe><\/td>\n<td>Titel: Mineralstoffe nach Dr. Sch\u00fcssler Autor: Richard Kellenberger Friedrich Kopsche<\/td>\n<\/tr>\n<tr>\n<td><iframe src=\"http:\/\/rcm-de.amazon.de\/e\/cm?t=aniaid-21&amp;o=3&amp;p=8&amp;l=as1&amp;asins=3936600228&amp;ref=tf_til&amp;fc1=000000&amp;IS2=1&amp;lt1=_blank&amp;m=amazon&amp;lc1=0000FF&amp;bc1=000000&amp;bg1=FFFFFF&amp;f=ifr\" width=\"300\" height=\"150\" frameborder=\"0\" marginwidth=\"0\" marginheight=\"0\" scrolling=\"no\" data-mce-fragment=\"1\"><\/iframe><\/td>\n<td>Titel: Reiki f\u00fcr Tiere Autor: Britta Hoffmann<\/td>\n<\/tr>\n<tr>\n<td><iframe src=\"http:\/\/rcm-de.amazon.de\/e\/cm?t=aniaid-21&amp;o=3&amp;p=8&amp;l=as1&amp;asins=3440090213&amp;ref=tf_til&amp;fc1=000000&amp;IS2=1&amp;lt1=_blank&amp;m=amazon&amp;lc1=0000FF&amp;bc1=000000&amp;bg1=FFFFFF&amp;f=ifr\" width=\"300\" height=\"150\" frameborder=\"0\" marginwidth=\"0\" marginheight=\"0\" scrolling=\"no\" data-mce-fragment=\"1\"><\/iframe><\/td>\n<td>Titel: Hunde erziehen mit Natural Dogmanship Autor: Jan Nijboer<\/td>\n<\/tr>\n<tr>\n<td><iframe src=\"http:\/\/rcm-de.amazon.de\/e\/cm?t=aniaid-21&amp;o=3&amp;p=8&amp;l=as1&amp;asins=383343063X&amp;ref=tf_til&amp;fc1=000000&amp;IS2=1&amp;lt1=_blank&amp;m=amazon&amp;lc1=0000FF&amp;bc1=000000&amp;bg1=FFFFFF&amp;f=ifr\" width=\"300\" height=\"150\" frameborder=\"0\" marginwidth=\"0\" marginheight=\"0\" scrolling=\"no\" data-mce-fragment=\"1\"><\/iframe><\/td>\n<td>Titel: Natural Dog Food- Rohf\u00fctterung f\u00fcr Hunde Autor: Susanne Reinerth<\/td>\n<\/tr>\n<tr>\n<td><iframe src=\"http:\/\/rcm-de.amazon.de\/e\/cm?t=aniaid-21&amp;o=3&amp;p=8&amp;l=as1&amp;asins=3837062317&amp;ref=tf_til&amp;fc1=000000&amp;IS2=1&amp;lt1=_blank&amp;m=amazon&amp;lc1=0000FF&amp;bc1=000000&amp;bg1=FFFFFF&amp;f=ifr\" width=\"300\" height=\"150\" frameborder=\"0\" marginwidth=\"0\" marginheight=\"0\" scrolling=\"no\" data-mce-fragment=\"1\"><\/iframe><\/td>\n<td>Titel: Natural Cat Food- Rohf\u00fctterung f\u00fcr Katzen Autor: Susanne Reinerth<\/td>\n<\/tr>\n<tr>\n<td><iframe src=\"http:\/\/rcm-de.amazon.de\/e\/cm?t=aniaid-21&amp;o=3&amp;p=8&amp;l=as1&amp;asins=3548364543&amp;ref=tf_til&amp;fc1=000000&amp;IS2=1&amp;lt1=_blank&amp;m=amazon&amp;lc1=0000FF&amp;bc1=000000&amp;bg1=FFFFFF&amp;f=ifr\" width=\"300\" height=\"150\" frameborder=\"0\" marginwidth=\"0\" marginheight=\"0\" scrolling=\"no\" data-mce-fragment=\"1\"><\/iframe><\/td>\n<td>Titel: Mit Hunden Sprechen Autor: Jan Fennell<\/td>\n<\/tr>\n<tr>\n<td><iframe src=\"http:\/\/rcm-de.amazon.de\/e\/cm?t=aniaid-21&amp;o=3&amp;p=8&amp;l=as1&amp;asins=3828917917&amp;ref=tf_til&amp;fc1=000000&amp;IS2=1&amp;lt1=_blank&amp;m=amazon&amp;lc1=0000FF&amp;bc1=000000&amp;bg1=FFFFFF&amp;f=ifr\" width=\"300\" height=\"150\" frameborder=\"0\" marginwidth=\"0\" marginheight=\"0\" scrolling=\"no\" data-mce-fragment=\"1\"><\/iframe><\/td>\n<td>Titel: Tipps vom Hundefl\u00fcsterer Autor: Cesar Millan<\/td>\n<\/tr>\n<tr>\n<td><iframe src=\"http:\/\/rcm-de.amazon.de\/e\/cm?t=aniaid-21&amp;o=3&amp;p=8&amp;l=as1&amp;asins=3442338131&amp;ref=tf_til&amp;fc1=000000&amp;IS2=1&amp;lt1=_blank&amp;m=amazon&amp;lc1=0000FF&amp;bc1=000000&amp;bg1=FFFFFF&amp;f=ifr\" width=\"300\" height=\"150\" frameborder=\"0\" marginwidth=\"0\" marginheight=\"0\" scrolling=\"no\" data-mce-fragment=\"1\"><\/iframe><\/td>\n<td>Titel: Du bist der Rudelf\u00fchrer Autor: Cesar Millan<\/td>\n<\/tr>\n<\/tbody>\n<\/table>\n","protected":false},"excerpt":{"rendered":"<p>Hier eine Liste der von uns empfohlenen Literatur (Affiliate): Titel: Hom\u00f6opathische Materia Medica f\u00fcr Tiermediziner Autor: Dr. Hans Martin Steingassner Titel: Hom\u00f6opathische Mittel und ihre Wirkungen Materia medica und Repertorium Autor: William Boericke Titel: Medizin der Zukunft Autor: Georgos Vithoulkas Titel: Taschen-Repertorium der hom\u00f6opathischen Tiermedizin Autor: Rudolf Deiser Titel: Hom\u00f6opathie f\u00fcr Hunde Autor: A. H. &hellip; <\/p>\n<p class=\"link-more\"><a href=\"https:\/\/www.animal-thp.de\/index.php\/homoeopathie\/buecherliste\/\" class=\"more-link\"><span class=\"screen-reader-text\">\u201eB\u00fccherliste\u201c<\/span> weiterlesen<\/a><\/p>\n","protected":false},"author":1,"featured_media":0,"parent":10,"menu_order":100,"comment_status":"closed","ping_status":"closed","template":"","meta":{"footnotes":""},"class_list":["post-47","page","type-page","status-publish","hentry"],"_links":{"self":[{"href":"https:\/\/www.animal-thp.de\/index.php\/wp-json\/wp\/v2\/pages\/47","targetHints":{"allow":["GET"]}}],"collection":[{"href":"https:\/\/www.animal-thp.de\/index.php\/wp-json\/wp\/v2\/pages"}],"about":[{"href":"https:\/\/www.animal-thp.de\/index.php\/wp-json\/wp\/v2\/types\/page"}],"author":[{"embeddable":true,"href":"https:\/\/www.animal-thp.de\/index.php\/wp-json\/wp\/v2\/users\/1"}],"replies":[{"embeddable":true,"href":"https:\/\/www.animal-thp.de\/index.php\/wp-json\/wp\/v2\/comments?post=47"}],"version-history":[{"count":4,"href":"https:\/\/www.animal-thp.de\/index.php\/wp-json\/wp\/v2\/pages\/47\/revisions"}],"predecessor-version":[{"id":176,"href":"https:\/\/www.animal-thp.de\/index.php\/wp-json\/wp\/v2\/pages\/47\/revisions\/176"}],"up":[{"embeddable":true,"href":"https:\/\/www.animal-thp.de\/index.php\/wp-json\/wp\/v2\/pages\/10"}],"wp:attachment":[{"href":"https:\/\/www.animal-thp.de\/index.php\/wp-json\/wp\/v2\/media?parent=47"}],"curies":[{"name":"wp","href":"https:\/\/api.w.org\/{rel}","templated":true}]}}